
True
Is 135833881 a prime number?
True
Is 32519506611 a prime number?
False
Is 4825078799 composite?
False
Is 1455435235 a prime number?
False
Is 12232621273 composite?
False
Is 4635539969 prime?
True
Is 10535646661 a prime number?
False
Is 59337217441 a composite number?
True
Is 89657835737 prime?
True
Is 961903237 a prime number?
True
Is 3375082663 prime?
False
Is 261993242353 composite?
False
Is 8057550143 composite?
False
Is 1353591269 prime?
False
Is 711918247 composite?
False
Is 1520265227 prime?
False
Is 4290268261 a prime number?
True
Is 122223191 composite?
True
Is 19241168033 prime?
True
Is 13923593023 prime?
False
Is 227203519 a composite number?
True
Is 76916499591 a composite number?
True
Is 29940192497 prime?
True
Is 222861433 composite?
True
Is 7727282987 a prime number?
True
Is 1784811953 a prime number?
False
Is 6877071213 composite?
True
Is 4422058337 a composite number?
True
Is 1172002529 a prime number?
False
Is 213969373 prime?
True
Is 9700576087 a prime number?
True
Is 651749317 prime?
True
Is 349271269 composite?
True
Is 81783806969 a composite number?
False
Is 99036433921 prime?
False
Is 3015873061 a composite number?
False
Is 119956175753 a prime number?
False
Is 3945482197 a composite number?
False
Is 142827017 prime?
False
Is 9774577819 a composite number?
False
Is 577239517 prime?
False
Is 45026734838 a prime number?
False
Is 75229550653 composite?
False
Is 387383179 a prime number?
False
Is 3501785239 composite?
True
Is 861914721 prime?
False
Is 3905741507 prime?
True
Is 213237641 a composite number?
False
Is 1728694949 a prime number?
True
Is 2051061857 prime?
False
Is 5113081235 a prime number?
False
Is 8340204283 a prime number?
True
Is 196983079 prime?
False
Is 84389862391 a prime number?
True
Is 79397359 prime?
True
Is 27619779167 composite?
True
Is 239478209 prime?
True
Is 733098811 a composite number?
True
Is 42513355553 a prime number?
True
Is 2995039897 a prime number?
True
Is 588634017 prime?
False
Is 12287296015 a prime number?
False
Is 776723611 a prime number?
True
Is 3415188379 a prime number?
True
Is 29601049 a prime number?
True
Is 25096759 prime?
True
Is 3832516421 a composite number?
True
Is 63443581 prime?
False
Is 890942609 composite?
False
Is 4127849309 prime?
True
Is 509481397 prime?
True
Is 740414669 a composite number?
True
Is 33206581873 a prime number?
True
Is 11405100163 a prime number?
True
Is 10039013654 a prime number?
False
Is 6796639801 a composite number?
True
Is 3442731371 composite?
True
Is 19112174661 prime?
False
Is 841468577 a prime number?
False
Is 70126011559 prime?
True
Is 16530851843 prime?
False
Is 518056463 a prime number?
False
Is 472334063 a prime number?
False
Is 113759334219 prime?
False
Is 17752651907 a prime number?
True
Is 4343036281 a composite number?
True
Is 3404376821 composite?
True
Is 184988029 prime?
True
Is 11515031329 composite?
False
Is 2854370509 a composite number?
True
Is 415416949 a prime number?
False
Is 57690691 a composite number?
True
Is 19675501739 a composite number?
False
Is 2472963247 composite?
False
Is 11158425263 a prime number?
False
Is 54882921113 a prime number?
True
Is 22687607039 a prime number?
False
Is 16952496454 composite?
True
Is 32699737537 composite?
True
Is 1410449783 a prime number?
True
Is 1008306239 a composite number?
False
Is 4983940011 composite?
True
Is 4121551583 composite?
False
Is 259219823 a prime number?
False
Is 8740806023 a prime number?
False
Is 14520143747 prime?
False
Is 1390492529 a composite number?
False
Is 1333065203 composite?
False
Is 273428287 composite?
True
Is 165167510483 prime?
True
Is 2447241607 composite?
True
Is 12106264109 composite?
True
Is 4525820267 prime?
True
Is 1891626707 composite?
False
Is 3610037558 a composite number?
True
Is 203831011 a composite number?
True
Is 5194530773 a prime number?
False
Is 74108484313 prime?
True
Is 450210173 prime?
False
Is 47438975855 a prime number?
False
Is 9026972483 a prime number?
True
Is 362776637 a prime number?
True
Is 15241904547 a prime number?
False
Is 761604871 a composite number?
True
Is 228484723 a prime number?
True
Is 416634065 prime?
False
Is 35331481 prime?
False
Is 3720369494 composite?
True
Is 5139722299 prime?
True
Is 2357193187 a composite number?
True
Is 3887728627 a composite number?
True
Is 4219673443 a prime number?
True
Is 2990297371 a prime number?
False
Is 474952901 a prime number?
True
Is 96265214119 prime?
True
Is 4181302417 a composite number?
False
Is 47791204187 composite?
True
Is 992145289 a composite number?
False
Is 16259994841 a prime number?
True
Is 1279568951 prime?
True
Is 52244874665 composite?
True
Is 15940222211 a prime number?
True
Is 7685348819 a composite number?
False
Is 55046910407 composite?
True
Is 1104524129 composite?
True
Is 1574463803 a composite number?
True
Is 635260357 a prime number?
True
Is 71122363 a prime number?
False
Is 10352690351 a prime number?
False
Is 2833085797 a composite number?
True
Is 3700685557 a composite number?
True
Is 703544981 a prime number?
True
Is 3376480573 a prime number?
True
Is 8597299411 a prime number?
True
Is 12315897529 composite?
True
Is 4630202989 composite?
False
Is 22749255967 a composite number?
False
Is 17132859811 composite?
True
Is 7696979 a composite number?
False
Is 11219847271 a composite number?
False
Is 2895640507 a composite number?
True
Is 805394377 composite?
False
Is 19581496747 a prime number?
True
Is 1541699063 composite?
False
Is 189217597 prime?
True
Is 117258097 a composite number?
True
Is 153264631 a prime number?
False
Is 42347432911 a prime number?
False
Is 6581381843 a prime number?
True
Is 8448796781 composite?
True
Is 6498344047 a prime number?
False
Is 92206371407 a prime number?
True
Is 29196821 a composite number?
True
Is 2666475793 composite?
False
Is 13938917 a composite number?
True
Is 271811884937 a composite number?
False
Is 6195700001 composite?
False
Is 353777471 prime?
False
Is 4365486527 composite?
True
Is 2889612511 composite?
True
Is 979872241 composite?
True
Is 1530701657 composite?
False
Is 16016606291 a prime number?
False
Is 800714009 a composite number?
False
Is 2413495489 composite?
False
Is 50666224537 prime?
False
Is 22873086629 prime?
True
Is 7945666103 a prime number?
True
Is 247487514959 prime?
True
Is 4128736781 prime?
False
Is 24753237757 prime?
False
Is 307369087 a composite number?
True
Is 416559067 a prime number?
False
Is 190970645 a prime number?
False
Is 432284669 composite?
False
Is 23920857251 a composite number?
True
Is 2905667509 prime?
False
Is 3191233259 prime?
True
Is 1890551813 a composite number?
True
Is 8676920927 a prime number?
False
Is 1654358543 composite?
False
Is 1180709357 a prime number?
False
Is 16931485303 a prime number?
False
Is 967586591 a composite number?
False
Is 389050463 composite?
True
Is 6585401441 prime?
True
Is 108321827 prime?
True
Is 9151348369 a prime number?
True
Is 4948581071 a composite number?
True
Is 15064700803 prime?
False
Is 3553065221 a composite number?
False
Is 97421562289 prime?
False
Is 1470285359 a composite number?
False
Is 857334839 a composite number?
False
Is 863857259 a composite number?
True
Is 26002155526 a prime number?
False
Is 26604095299 prime?
False
Is 18035832623 a prime number?
True
Is 67994764267 a prime number?
False
Is 334563743 a prime number?
False
Is 2594166923 a prime number?
True
Is 1253020021 a prime number?
False
Is 394199371 prime?
True
Is 9159507481 composite?
False
Is 5897489267 composite?
False
Is 53421743 prime?
True
Is 8806061611 prime?
False
Is 13675211657 a composite number?
True
Is 3568634761 composite?
False
Is 5988853441 prime?
True
Is 3341612257 prime?
True
Is 12224551639 composite?
False
Is 90827684869 a prime number?
True
Is 191393509 prime?
False
Is 5488324099 prime?
True
Is 651204893 a prime number?
True
Is 11948610547 a composite number?
False
Is 3919254133 a composite number?
True
Is 7637402687 composite?
True
Is 56926871 prime?
True
Is 8537276329 a prime number?
True
Is 383249267351 prime?
True
Is 1398664367 composite?
False
Is 458560189 a composite number?
False
Is 1417410907 a prime number?
False
Is 23075603329 a prime number?
False
Is 1364034211 composite?
False
Is 17423104073 a composite number?
True
Is 130626